(base 11) to base 2.
11010001101100
902 (base 10) to base 3
1020102
1446 (base 9) to base 16
447
100110000011 (base 2) to base 15
ac5
Convert -1001000111 (base 2) to base 5.
-4313
42d (base 14) to base 9
1116
What is 1110101011010010 (base 2) in base 4?
32223102
What is -302 (base 4) in base 5?
-200
Convert 13125 (base 7) to base 15.
1083
Convert 273 (base 10) to base 9.
333
What is 65b (base 15) in base 12?
9b8
Convert -11001010000 (base 2) to base 12.
-b28
What is 11011110 (base 2) in base 3?
22020
Convert 32425 (base 7) to base 2.
1111110101000
What is a38a (base 11) in base 7?
55102
What is -200212210 (base 3) in base 14?
-5032
What is 11430 (base 6) in base 2?
11010001010
What is 14274 (base 13) in base 7?
215103
-15 (base 12) to base 8
-21
Convert 237 (base 12) to base 15.
171
Convert -5423 (base 12) to base 10.
-9243
Convert -1785b (base 12) to base 10.
-34055
Convert 25042 (base 6) to base 8.
7162
-102241 (base 5) to base 2
-110101110110
7b (base 15) to base 9
138
Convert 3230 (base 7) to base 15.
518
What is -3a (base 15) in base 8?
-67
704 (base 8) to base 2
111000100
What is 5231 (base 9) in base 15?
120a
What is -1b9 (base 15) in base 14?
-207
What is 2143 (base 7) in base 11?
637
What is 2245 (base 8) in base 9?
1561
-4636 (base 8) to base 16
-99e
Convert -4451 (base 8) to base 12.
-1435
What is -11700 (base 8) in base 5?
-130211
Convert 27aa (base 11) to base 5.
104004
Convert 142413 (base 5) to base 8.
13537
-10010001001 (base 2) to base 11
-966
Convert 3a0 (base 16) to base 12.
654
-35635 (base 8) to base 13
-6c3c
Convert -2128 (base 13) to base 9.
-6267
110112220 (base 3) to base 9
13486
Convert -1ba4 (base 14) to base 4.
-1032310
3005 (base 8) to base 9
2102
-9bd (base 15) to base 6
-14111
Convert 1122322 (base 5) to base 12.
b929
-142443 (base 5) to base 6
-43434
What is -10011100011 (base 2) in base 10?
-1251
18161 (base 10) to base 2
100011011110001
Convert 15202 (base 7) to base 15.
13b1
Convert 166 (base 12) to base 4.
3132
-65 (base 8) to base 13
-41
Convert -1010 (base 5) to base 6.
-334
What is 757b (base 15) in base 6?
311042
Convert -41454 (base 6) to base 2.
-1010111001010
What is -194 (base 15) in base 5?
-2424
What is 5024 (base 14) in base 15?
411c
-24aa (base 16) to base 5
-300021
What is -c7c (base 15) in base 11?
-2131
Convert 1523 (base 7) to base 8.
1135
What is 21000022 (base 3) in base 6?
35355
Convert -37a (base 12) to base 14.
-298
What is 222122121 (base 3) in base 14?
711b
What is -6101 (base 7) in base 16?
-83c
416 (base 16) to base 12
732
-11224 (base 9) to base 8
-16462
What is -4cc (base 13) in base 10?
-844
What is 110011111 (base 2) in base 9?
511
-10323 (base 4) to base 14
-187
-28219 (base 10) to base 15
-8564
What is -22121122 (base 3) in base 15?
-1cdb
Convert 2220 (base 4) to base 11.
143
What is -2d45 (base 14) in base 13?
-38bb
Convert -83a2 (base 12) to base 9.
-21645
What is 1545 (base 6) in base 9?
522
-716 (base 8) to base 9
-563
What is -824 (base 13) in base 6?
-10222
Convert 3030 (base 7) to base 5.
13200
-220210 (base 3) to base 10
-669
Convert 19b62 (base 14) to base 15.
1456e
136 (base 7) to base 12
64
-40012 (base 6) to base 10
-5192
Convert -100033 (base 5) to base 9.
-4272
30451 (base 8) to base 2
11000100101001
Convert aeb2 (base 15) to base 3.
1212211212
Convert -100111221 (base 3) to base 7.
-26140
-3ef (base 16) to base 11
-836
What is 5373 (base 9) in base 4?
331302
What is 505531 (base 6) in base 15?
bd74
-11204 (base 5) to base 3
-1002210
-10211212 (base 3) to base 6
-20552
Convert 1100001010100 (base 2) to base 12.
3730
What is 1650 (base 8) in base 15?
426
What is -13202 (base 4) in base 9?
-585
10423 (base 5) to base 16
2e2
2111001 (base 3) to base 13
a93
2535 (base 9) to base 12
111b
What is -1a47 (base 12) in base 7?
-12253
Convert -110110 (base 2) to base 15.
-39
What is -15d5 (base 16) in base 14?
-2073
-9ba (base 13) to base 8
-3212
Convert 382 (base 14) to base 11.
589
What is 3542 (base 15) in base 9?
16458
Convert 6564 (base 9) to base 15.
1677
What is e45 (base 15) in base 11?
2463
Convert 1a53 (base 12) to base 6.
22543
Convert -444 (base 7) to base 6.
-1020
Convert 2103 (base 15) to base 5.
210403
What is 435 (base 12) in base 9?
755
Convert -14b5 (base 14) to base 4.
-321213
-a64 (base 11) to base 14
-676
Convert 99 (base 13) to base 12.
a6
What is -b50 (base 16) in base 13?
-141a
Convert -10063 (base 8) to base 9.
-5617
Convert -4b3 (base 14) to base 2.
-1110101101
Convert 212053 (base 6) to base 7.
101322
What is 12522 (base 6) in base 4?
132002
What is 311121 (base 4) in base 16?
d59
Convert 125543 (base 6) to base 14.
4367
Convert -11110 (base 2) to base 3.
-1010
0 (base 7) to base 13
0
What is -5197 (base 15) in base 3?
-212122121
1201 (base 7) to base 9
541
Convert -110001100010 (base 2) to base 6.
-22402
1140240 (base 5) to base 7
116105
Convert 665 (base 12) to base 14.
4b3
What is 3715 (base 10) in base 4?
322003
What is 444 (base 6) in base 8?
254
What is c04 (base 14) in base 4?
210310
-31a (base 15) to base 14
-380
2000 (base 13) to base 4
1010222
Convert -12f0c (base 16) to base 14.
-203b6
Convert 243 (base 5) to base 2.
1001001
What is 3012323 (base 4) in base 8?
30673
What is 14620 (base 8) in base 16?
1990
What is -7a (base 14) in base 4?
-1230
3634 (base 14) to base 15
2c04
Convert 1202111201 (base 3) to base 14.
c89b
201000 (base 3) to base 7
1332
What is -b2 (base 14) in base 8?
-234
-65a (base 11) to base 12
-55b
What is -34d (base 14) in base 2?
-1010010001
Convert -1214 (base 6) to base 8.
-452
Convert -10686 (base 14) to base 12.
-1ab92
What is -62b (base 13) in base 15?
-4a1
303 (base 10) to base 15
153
What is 7083 (base 11) in base 4?
2103000
What is -9437 (base 13) in base 11?
-14442
What is -1405 (base 16) in base 4?
-1100011
-15 (base 9) to base 2
-1110
33525 (base 7) to base 9
12580
What is -2981 (base 15) in base 3?
-110012111
Convert -1754 (base 11) to base 8.
-4275
Convert 4242 (base 5) to base 10.
572
What is -98a (base 14) in base 5?
-30021
What is 1791 (base 10) in base 6?
12143
-23231 (base 5) to base 8
-3233
What is -132130 (base 6) in base 14?
-45dc
What is 1327 (base 12) in base 15?
9b1
Convert 2357 (base 10) to base 9.
3208
What is 57a (base 15) in base 14?
648
-1249 (base 12) to base 6
-13333
What is 2220 (base 3) in base 9?
86
14032 (base 9) to base 12
5602
Convert -1421 (base 7) to base 5.
-4204
Convert 32010 (base 5) to base 13.
c7b
Convert 1251 (base 9) to base 6.
4201
2100313 (base 4) to base 16
2437
-9122 (base 11) to base 9
-17561
1410 (base 7) to base 16
222
-1001011011010 (base 2) to base 4
-1023122
-2a6c (base 13) to base 12
-36a6
Convert -6b7 (base 12) to base 3.
-1101011
18d (base 14) to base 16
141
Convert 2121 (base 5) to base 10.
286
Convert 2205 (base 15) to base 2.
1110000100101
-b59 (base 15) to base 13
-121b
What is 154 (base 11) in base 14?
cc
Convert 21220 (base 7) to base 5.
132012
Convert 376a (base 13) to base 10.
7862
Convert -240350 (base 6) to base 4.
-11012022
Convert -8631 (base 10) to base 7.
-34110
Convert 545 (base 6) to base 14.
10d
20 (base 6) to base 5
22
What is -14738 (base 10) in base 7?
-60653
49e (base 16) to base 3
1121210
Convert a059 (base 14) to base 12.
13b13
What is 141 (base 8) in base 2?
1100001
Convert 43073 (base 8) to base 7.
103263
Convert 264 (base 12) to base 16.
16c
2541 (base 10) to base 8
4755
What is 760 (base 14) in base 15?
671
3220 (base 4) to base 10
232
What is 1163 (base 8) in base 3?
212020
Convert 28a (base 11) to base 5.
2330
What is 52a5 (base 16) in base 3?
1002000121
Convert 173b (base 12) to base 16.
adf
What is -2711 (base 9) in base 7?
-5635
1143 (base 8) to base 3
211122
Convert -20101 (base 4) to base 10.
-529
What is 8843 (base 9) in base 15?
1de9
What is 404315 (base 6) in base 16?
7d57
Convert -bc6 (base 15) to base 13.
-1299
-10c4 (base 15) to base 2
-110111100111
Convert -492 (base 11) to base 12.
-409
What is -10001 (base 3) in base 6?
-214
cb60 (base 16) to base 10
52064
305105 (base 6) to base 2
101111110000001
Convert -33232 (base 4) to base 9.
-1337
What is -1b86 (base 13) in base 8?
-10106
-137b7 (base 12) to base 14
-9c15
Convert -21023 (base 8) to base 10.
-8723
What is -1a67 (base 14) in base 2?
-1001010111011
51b5 (base